 3*r**2 + 15*r + 2. What is g(6)?
6
Let a(s) be the first derivative of -s**7/840 + 7*s**6/360 + s**5/15 + 3*s**4/8 - s**3 - 12. Let k(l) be the third derivative of a(l). Calculate k(8).
9
Suppose 4*s = -5*f + 3 - 28, 4*f + 38 = -5*s. Let m be (s/(-6))/(2/6). Let k(i) be the second derivative of -i**4/12 + 7*i**3/6 - 3*i**2 - 8*i. Calculate k(m).
4
Let n(s) = -75*s + 375. Let x be n(5). Let u(o) = -o - 6. Let a(h) = 3*h + 18. Let d(g) = -2*a(g) - 7*u(g). Determine d(x).
6
Let j(t) = -5 - 2*t + 2 + 2*t**2 - t**2 + 0. Let d(o) = -2*o + 6. Let b be d(-3). Suppose 0 = -5*h + 9*h - b. Determine j(h).
0
Let u(z) = -z**3 - z**2 - z. Let s be 0/(-2 + 0 - 1). Let p be u(s). Let b(g) = -2 + 1 - 1 + p - 5*g. Give b(2).
-12
Let s(n) = -6*n - 53*n**2 + 2*n**3 + 100*n**2 - 3 - n**3 + 0 - 50*n**2. What is s(5)?
17
Let x(r) = 2*r**2 + 21 + 157*r - r**2 + 0*r**2 - 181*r. Calculate x(23).
-2
Suppose 2 = 3*n - 16. Let p(q) = -4*q + 41. Let c(x) = x - 14. Let i(h) = -7*c(h) - 2*p(h). Let g(s) = -5*s - 65. Let y(w) = -2*g(w) - 9*i(w). Calculate y(n).
-8
Let t = 173 + -165. Let r(s) be the third derivative of s**6/120 - 2*s**5/15 + s**4/8 - s**3 + 12*s**2. What is r(t)?
18
Let c(x) = -8*x**2 + 1. Let g = -417 + 416. Give c(g).
-7
Suppose 0 = 5*r + 122 - 27. Let x = r + 17. Let y(q) = -q**3 - 3*q**2 + q + 2. Let h be y(x). Let v(p) = -p**3 - 4*p**2 + p + 2. What is v(h)?
-2
Suppose -10 = 3*m - 31. Let n(x) be the first derivative of x**3/3 - 9*x**2/2 + 6*x - 8. Let v(h) be the first derivative of n(h). Calculate v(m).
5
Let l(j) = -3*j**2 + j + 1. Let c(h) = -10*h**2 + 12*h - 2. Let s(q) = c(q) - 3*l(q). Give s(6).
13
Let n(i) = 3 - 3*i + 3*i - i - 2. Let z be 0 - (0 + -1 + 1). Suppose 0 = -z*v + v - 5. Calculate n(v).
-4
Let p(y) = y**2 + 2*y - 7. Suppose -136*x + 145*x + 36 = 0. Calculate p(x).
1
Let r(j) = -37*j**3 - 33*j**3 - 45 + 107*j**3 - 38*j**3. Determine r(0).
-45
Let a(m) = -74 + m - m**2 + 134 - 60. What is a(2)?
-2
Let r be (0 + -1)/(0 - 1/7). Let j(l) = -11*l**3 - l - 2*l + 3*l**2 + 12*l**3 + 3 + r*l. Determine j(-2).
-1
Suppose 0 = 2*q - 7*q. Let h(d) = 5 + 24*d - 103*d + 27*d + 28*d + 23*d. What is h(q)?
5
Let k be 5 - (0/(-5) + 3). Let d(x) = -3 - 2*x + x + 5. What is d(k)?
0
Let l(p) = -4*p**3 - 12*p**2 - 17. Let v(y) = 3*y**3 + 13*y**2 + 16. Let s(m) = -2*l(m) - 3*v(m). Calculate s(-15).
-14
Let m(w) be the second derivative of 2*w + 0 - 1/2*w**2 + w**3. What is m(1)?
5
Let a(y) = -y**2 + 4 - 1 + 0 + 2 - 6*y. Determine a(-5).
10
Let u be 2*((-6)/4)/(6/(-12)). Let b(s) = -3*s + 24. What is b(u)?
6
Let l = -163 - -168. Let k(s) be the second derivative of s**7/2520 - s**6/120 + s**5/30 - s**4/12 - 2*s. Let g(f) be the third derivative of k(f). Give g(l).
-1
Let t(n) = -n**3 - 5*n**2 - 4*n - 2. Suppose 2*g + 28 = -14. Let d = 18 + g. What is t(d)?
-8
Let m(b) be the second derivative of -b**4/12 + 2*b**3/3 + 3*b**2/2 - b. Let l be (4/(-6))/(-2) + (-104)/(-12). Let f(x) = x - 4. Let s be f(l). What is m(s)?
-2
Let q(y) = y**3 + 7*y**2 + 6*y + 7. Let c = 14 + -4. Suppose -3*s + p - c = 7, -5*s - p = 31. Calculate q(s).
7
Let v(p) = -p. Let s be 7 + ((-25)/5)/5. Let z(w) = w**2 + w + 3. Let g(a) = s*v(a) + z(a). Calculate g(6).
9
Let d = 10 - 7. Let m(u) = u**d + 4 - 17*u**2 + 4*u - 2*u**3 + 19*u**2. Determine m(4).
-12
Let l be 3/(4 - 115/25). Let n be 1 - 5/(l/2). Let i(t) = 1 + 0 + t - 6. What is i(n)?
-2
Suppose i - 12 + 10 = 0. Let x be i + 0 + -1 - 0. Let n(a) = -5*a**3 + 2*a**2 - 1. Give n(x).
-4
Let v(o) = 2*o**3 + 2*o**2 - 2*o. Let r(j) = -3*j**3 - 3*j**2 + 3*j. Let t(i) = -3*r(i) - 5*v(i). Let m = 31 + -30. Give t(m).
-1
Let o(f) = -f**3 - 5*f**2 + 9*f + 8. Let t(l) = -3*l - 12. Let v be t(-11). Let j = v + -27. Determine o(j).
-10
Let r(g) = g**3 + 4*g**2 + g - 5. Let b be 0 + -2 + -1 + 7. Suppose 0 = 4*d - 4*z + 8 + 8, -d = -b*z + 4. Determine r(d).
-9
Let q(r) be the second derivative of -r**7/2520 + r**6/240 - r**5/30 - 9*r**4/4 + 16*r. Let d(h) be the third derivative of q(h). Calculate d(4).
-8
Let g(r) = -1 + 7*r + 4*r**2 - 8*r - 5*r**2. Let q(h) = -3*h - 1. Let c be q(-1). Suppose -c*y = -0*y. Determine g(y).
-1
Suppose 0 = 3*c - 0*c. Suppose 0 = 4*b - 0*b - 56. Let g(a) = 7*a + 0 - b - 8*a. Determine g(c).
-14
Let c(k) be the third derivative of k**5/60 + k**4/3 + 2*k**3 - 1589*k**2. Let a(i) = -2*i + 4. Let y be a(6). Determine c(y).
12
Let b(l) = -l**3 + 2*l**2 + 6*l - 7. Let v be 1*4/12 - 56/(-21). Give b(v).
2
Suppose -9*t + 14*t = b - 9, -5*b = -2*t + 47. Let p(q) = q - 5. Determine p(b).
-16
Suppose 4*f - 12 = 4*y, -6 - 2 = -5*f - 2*y. Let c(o) = -2*o**2 - 8*o + 2*o + 3*o**f - 2*o + 5. Let r be 168/27 - (-10)/(-45). Determine c(r).
-7
Let x = -5 - 0. Let f(n) be the third derivative of 0 - 11/6*n**3 + 31*n**2 - 1/24*n**4 + 0*n. Give f(x).
-6
Let m(i) = 2*i**2 + 6*i - 7. Suppose -3*h - p + 59 = 184, -3*p + 158 = -4*h. Let u = h - -36. What is m(u)?
13
Let m(y) = -7701 - y**2 - 2*y + 8*y + 7696. Suppose 0*i + 4*i = -36. Let o = i + 15. What is m(o)?
-5
Suppose 8*m - 6*m + 8 = 0. Let t = m - -9. Let u(v) = v**2 - 7*v + 7. Calculate u(t).
-3
Let u(w) = -13. Let g(q) = q - 16. Let h(y) = -4*g(y) + 5*u(y). Let z = 15 + -21. Let m(t) = -t**2 - 7*t - 9. Let o be m(z). Determine h(o).
11
Let i(j) = j + 2. Suppose -n + 129*v - 124*v = 22, -56 = 4*n - 4*v. What is i(n)?
-10
Let b = 33 + -73. Let m = -46 - b. Let i(r) = -5*r - 7 + 3*r - r**2 - 5*r. What is i(m)?
-1
Let g(l) = -l**3 - 6*l**2 - 2*l + 1. Let t be 19/(-38)*(-3)/(3/(-4)). Calculate g(t).
-11
Let h(b) be the second derivative of -b**3/6 - 4*b**2 + 19*b. Let l(t) = t**2 + 8*t + 7. Let c be l(-3). Calculate h(c).
0
Let c(a) = 3*a**2 - 2*a + 3. Let g(w) be the second derivative of w**4/12 + 7*w**3/6 - 3*w**2 + w + 11. Let z be g(-8). What is c(z)?
11
Let g(r) = -3*r**2 - r**2 - 4 + 3*r**2 + 1 - 1. Suppose 9 = -6*f + 2*f - 3*q, -5*f + 2*q + 6 = 0. Calculate g(f).
-4
Let x(j) = j**2 + 2*j - 10. Let z = 89 + -52. Suppose -2*h - u - 18 = 0, 0*h - z = 3*h + 4*u. Calculate x(h).
25
Let q be (-21)/(-6) + 2/4. Suppose -q*p = -0*p - 12. Let s(z) = -10 + 11 + 3*z**2 - 4*z**2 + 3*z. Determine s(p).
1
Suppose 111*d - 106*d = 5. Let g(z) = 11*z**3 + z - 1. What is g(d)?
11
Let r(f) be the second derivative of f**4/12 - 4*f**3/3 + f**2/2 + 2*f. Let y(j) = -3*j**2 + 23*j - 4. Let a(w) = -11*r(w) - 4*y(w). Determine a(4).
5
Let x be (-6)/(3 + 2 + -3). Let z be ((-3)/3)/(1/(-22)). Let h(w) = 21 + 3*w**2 - 4*w**2 - z - 3*w. Determine h(x).
-1
Suppose -13*t - 55 = -2*t. Let f(z) = -z**3 - 6*z**2 - 5*z + 1. Calculate f(t).
1
Let r(v) = -17 + 84*v - v**2 - 188*v + 80*v. Determine r(-23).
6
Let l(b) be the second derivative of b**3/6 + b**2 - 155*b. Calculate l(-4).
-2
Let a be ((-12)/9*-3)/(-1). Let c(s) = -1 - 3*s + 1 + 1. Let j(n) = n + 1. Let p(f) = c(f) + 5*j(f). Determine p(a).
-2
Let j(z) = 4 - 4*z - 2 + 7*z. Let o(m) = 4*m + 3. Let v(f) = 5*j(f) - 4*o(f). Let h be v(-2). Let i(a) = a**2 + a - 1. What is i(h)?
-1
Let n(f) = -7 + 0 - 6*f - 3 + 3*f. Calculate n(10).
-40
Let r(l) be the second derivative of 1/20*l**5 + 0 + 3*l - 1/3*l**4 - 5/2*l**2 - 5/6*l**3. Give r(5).
-5
Let d(h) = 7*h**2 + 2*h - 2. Suppose -3*v = -4*w + 6, -16*w - 11 = -v - 19*w. Calculate d(v).
30
Let m(f) be the third derivative of -f**5/60 - f**4/6 + f**3/6 + 26*f**2 + 1. Calculate m(-4).
1
Let l(i) = -2*i - 9. Let j = 31 + -29. Suppose 3*g + j*h - 307 + 108 = 0, -g + 88 = 5*h. Suppose 0*o + 9*o + g = 0. What is l(o)?
5
Let c be ((-1)/1*3)/((-2)/2). Let m(f) = -2*f + 5. Let r be m(c). Let q(n) = 9*n + 1. Calculate q(r).
-8
Let f = -12 - -10. Let p be 3/2*(0 - f). Let q be (0/p)/(2/1). Let c(l) = l**2 + 3. Give c(q).
3
Let z(o) = -14*o + 1 - 9*o + 37*o - 13*o. Give z(-3).
-2
Let d be (-12 + 12)*1/4*-2. Let i(n) = n**3 - 3*n**2 + n - 11. Let o(k) = -k**3 + 2*k**2 - k + 10. Let w(y) = -2*i(y) - 3*o(y). Give w(d).
-8
Let u(n) be the second derivative of 4*n**2 + 0 - 1/2*n**3 + 1/12*n**4 - 9*n. Let d(p) be the first derivative of u(p). Calculate d(3).
3
Let m(i) be the third derivative of -i**4/12 + 5*i**3/3 + 68*i**2 - 4. Give m(5).
0
Let r(m) = m**3 - 5*m**2 + 4*m + 4. Suppose 46*y = 42*y + 16. Give r(y).
4
Let w(u) be the first derivative of -u**4/4 + 2*u**3 - 3*u**2/2 - 252. Suppose -2*g = 2*q - g - 5, 4*g - 4 = 0. What is